06. Determine i(-24).
14
Let w(f) = -2*f**2 + f. Calculate w(-3).
-21
Let j(t) = -t**3 - 29*t**2 + 3*t + 89. What is j(-29)?
2
Let k(c) = -3*c - 9. What is k(-5)?
6
Let v(i) = i**3 + 14*i**2 - 14*i - 56. Calculate v(-15).
-71
Let t(d) = 6*d. Calculate t(-2).
-12
Let p(o) = -o**2 + 2*o - 18. Determine p(-7).
-81
Let g(o) = -7*o + 1. Determine g(1).
-6
Let b(s) = -64*s**3 - s. Calculate b(-1).
65
Let r(w) = -w**2 - 3*w - 23. Calculate r(0).
-23
Let f(g) = 4*g - 23. What is f(1)?
-19
Let x(i) = i**3 - 8*i**2 + 2*i - 5. Give x(8).
11
Let c(o) = -9*o + 370. Calculate c(42).
-8
Let c(m) = m**3 + 11*m**2 + 8*m + 4. Give c(-10).
24
Let u(i) = i**2 + i - 1. Give u(1).
1
Let p(h) = 20*h**3 - h + 1. Give p(1).
20
Let j(d) = -3*d**2 + 24*d + 5. Give j(9).
-22
Let c(b) = b**2 - 8*b + 10. What is c(7)?
3
Let s(c) = -c**2 + 19*c - 96. Give s(11).
-8
Let b(i) = -3*i**2 - 13*i - 21. Calculate b(-2).
-7
Let f(v) = v**3 - 4*v**2 + 8*v - 13. Determine f(4).
19
Let j(n) = n**2 - 7*n - 51. Calculate j(-8).
69
Let t(q) = q**2 + 6*q - 95. Give t(-13).
-4
Let p(d) = -d**2 + 14*d + 24. Calculate p(16).
-8
Let v(k) = k**2 - 9*k + 8. Give v(10).
18
Let o(m) = 13*m - 12. Give o(8).
92
Let t(i) = i - 15. Give t(2).
-13
Let x(w) = -26*w - 1. Give x(-2).
51
Let g(l) = l**2 - 10*l + 1. What is g(10)?
1
Let g(s) = s**3 - 8*s**2 + 11*s. Give g(6).
-6
Let x(v) = 10*v + 12. Determine x(8).
92
Let j(o) = o**3 - 5*o**2 - 2*o. Calculate j(5).
-10
Let s(z) = -z**2 + 7*z - 2. Give s(7).
-2
Let j(m) = -m - 32. Give j(-15).
-17
Let u(d) = 5*d - 4. Give u(-2).
-14
Let c(p) = -p**3 - 16*p**2 - 32*p - 50. Calculate c(-14).
6
Let q(c) = c**3 - 21*c**2 + 21*c - 5. Calculate q(20).
15
Let s(l) = l**3 + l**2 - 3*l - 1. Determine s(-2).
1
Let b(c) = 10*c + 16. Calculate b(-2).
-4
Let f(q) = -3*q**2 + 21*q - 18. Determine f(6).
0
Let h(q) = q**2 + 4*q + 2. Calculate h(-5).
7
Let j(w) = -w**3 - 11*w**2 + 16*w + 44. Give j(-12).
-4
Let q(b) = 2*b**3 - 22*b**2 - 6*b + 71. What is q(11)?
5
Let v(m) = -2*m**2 + 4*m - 1. What is v(4)?
-17
Let s(j) = 3*j - 10. Determine s(6).
8
Let p(w) = -2*w**3 + 16*w**2 + w - 13. Calculate p(8).
-5
Let h(f) = -2*f**2 + 7. Calculate h(-3).
-11
Let i(d) = -44*d - 4. Determine i(2).
-92
Let f(m) = -2*m + 4. What is f(2)?
0
Let k(g) = -17*g + 160. Give k(10).
-10
Let b(h) = 4*h**2 - 5*h - 7. Give b(-3).
44
Let s(c) = c**2 - 12*c + 21. Calculate s(9).
-6
Let o(c) = -c**3 + 2*c**2 + 10*c - 1. Calculate o(5).
-26
Let s(v) = v**3 - 9*v**2 - 7*v - 5. Give s(10).
25
Let w(x) = x**3 - 3*x**2 - 4*x - 7. What is w(5)?
23
Let j(z) = 4*z + 11. Determine j(2).
19
Let g(z) = z + 1. Calculate g(-1).
0
Let p(z) = -9*z + 59. Calculate p(7).
-4
Let h(w) = -2*w**2 - 50*w + 52. Calculate h(-26).
0
Let b(n) = -n**3 + 5*n**2 + n + 4. Give b(5).
9
Let z(k) = -96*k - 858. Give z(-9).
6
Let y(r) = 3*r**3 - r**2 + 2*r - 2. Give y(2).
22
Let r(k) = k**3 + 7*k**2 + 25*k + 127. Determine r(-6).
13
Let f(x) = -13*x - 167. Calculate f(-13).
2
Let j(a) = -5*a - 2. Calculate j(-1).
3
Let n(x) = x - 10. What is n(-6)?
-16
Let f(q) = 3*q + 57. Give f(-17).
6
Let l(t) = -t + 41. Give l(35).
6
Let r(g) = -9*g**2 - 27*g + 5. Determine r(-3).
5
Let u(b) = 4*b - 11. What is u(4)?
5
Let o(l) = l**2 - 8*l + 15. Calculate o(4).
-1
Let p(j) = 13*j + 68. What is p(-5)?
3
Let c(f) = -2*f**3 - 5*f**2 - 4*f - 8. Determine c(-4).
56
Let m(o) = -2*o**3 + 7*o**2 + 3*o - 8. Determine m(3).
10
Let l(r) = -r**2 + 58*r + 117. Determine l(-2).
-3
Let g(t) = -3*t + 1. What is g(-1)?
4
Let s(y) = 4*y**2 - 46*y + 13. Calculate s(11).
-9
Let m(w) = -w**2 + 14*w - 12. Determine m(13).
1
Let v(d) = 2*d**2 - 58*d + 7. Determine v(29).
7
Let x(u) = 3*u**2 + 20*u + 24. What is x(-6)?
12
Let w(a) = a**3 + 7*a**2 + 9*a + 5. Calculate w(-6).
-13
Let w(x) = -37*x**2 + x. Give w(1).
-36
Let g(z) = -4*z**3 + 101*z**2 - 27*z + 41. Calculate g(25).
-9
Let q(d) = -d**2 + 2*d + 2. Calculate q(5).
-13
Let b(t) = -3*t**2 - 2*t - 1. Calculate b(-1).
-2
Let x(f) = f**3 + 6*f**2 + f - 10. Calculate x(-5).
10
Let d(f) = -12*f - 63. Give d(-15).
117
Let j(f) = f**2 - 3*f - 34. What is j(0)?
-34
Let a(b) = -b**2 - 13*b - 13. Give a(-10).
17
Let t(n) = 2*n - 23. Calculate t(8).
-7
Let k(p) = -p**3 + 9*p**2 - 18*p + 30. What is k(7)?
2
Let n(o) = 52*o**3 + o**2 - o + 2. What is n(1)?
54
Let d(u) = 9*u**2 - 150*u - 46. Give d(17).
5
Let c(m) = 9*m**2 + 18*m + 7. Determine c(-2).
7
Let d(x) = -x**2 + 14*x - 33. Determine d(13).
-20
Let h(y) = -y**3 + 11*y**2 + 15*y - 37. Calculate h(12).
-1
Let a(r) = -29*r**2 - 1. Give a(-1).
-30
Let f(x) = 18*x**2 + 93*x + 7. Calculate f(-5).
-8
Let u(q) = q**3 + 20*q**2 - 20*q + 20. Give u(-21).
-1
Let c(f) = f**3 + 7*f**2 - 9*f. Calculate c(-8).
8
Let p(n) = n**2 - 11*n + 2. Determine p(9).
-16
Let k(s) = -54*s**3 - 2*s**2 + 2*s + 1. Give k(1).
-53
Let a(g) = -g**3 + 6*g**2 - 8*g - 1. Determine a(6).
-49
Let j(b) = -5*b + 107. Determine j(21).
2
Let g(v) = -21*v + 1. Give g(-1).
22
Let k(b) = b**3 + 6*b**2 + 4*b - 1. Determine k(-5).
4
Let j(b) = b**3 - 7*b - 4. Determine j(0).
-4
Let g(v) = -v**2 + 6*v + 9. Determine g(0).
9
Let m(g) = g**2 + 14*g + 38. What is m(-12)?
14
Let a(m) = m**3 - 4*m**2 + m + 4. Calculate a(3).
-2
Let r(t) = -3*t**2 - 12*t + 35. What is r(-7)?
-28
Let x(h) = -29*h - 350. What is x(-12)?
-2
Let m(w) = -19*w + 135. Calculate m(8).
-17
Let t(h) = -61*h + 151. Determine t(3).
-32
Let s(j) = j**3 + 13*j**2 + 12*j + 4. Determine s(-12).
4
Let u(b) = b + 6. What is u(-6)?
0
Let s(n) = 5*n - 22. What is s(15)?
53
Let s(m) = -m**3 + 5*m - 9. Give s(-3).
3
Let v(z) = 25*z**3 + 2*z**2 - 1. What is v(-1)?
-24
Let c(p) = -p**3 + 11*p**2 + 2*p - 26. What is c(11)?
-4
Let t(m) = 3*m + 51. Give t(-15).
6
Let k(h) = -h**3 + 25*h**2 + 5*h - 111. Give k(25).
14
Let v(n) = -n**2 - n + 9. Calculate v(-4).
-3
Let b(n) = 5*n**3 + 2*n**2 - n. Give b(1).
6
Let m(v) = -11*v. Determine m(2).
-22
Let w(f) = -f**3 - 2*f**2 + 22*f + 8. Calculate w(4).
0
Let z(m) = 3*m + 40. What is z(-15)?
-5
Let u(h) = h**3 - 5*h**2 + 5*h + 2. What is u(5)?
27
Let o(r) = -3*r + 18. Give o(7).
-3
Let z(h) = -h**3 + 2*h**2 - 2*h + 2. Calculate z(3).
-13
Let p(g) = -g**3 - g**2 + 16*g - 11. Calculate p(-5).
9
Let j(g) = g + 2. Give j(10).
12
Let s(g) = -g**3 + 9*g**2 - 10*g + 11. Determine s(8).
-5
Let m(v) = 2*v**2 + 77*v + 36. Calculate m(-38).
-2
Let z(v) = -v**2 - 13*v - 18. What is z(-4)?
18
Let u(p) = -16*p + 104. Calculate u(7).
-8
Let j(p) = p**3 + 7*p**2 + 4*p - 16. Calculate j(-6).
-4
Let s(n) = 2*n**2 - 3*n - 7. Determine s(-3).
20
Let s(g) = -13*g + 34. Determine s(4).
-18
Let k(b) = b**2 + 3*b - 20. Determine k(-8).
20
Let q(a) = -2*a**2 + 8*a + 5. What is q(5)?
-5
Let q(o) = o**2 + 12*o - 19. Calculate q(-13).
-6
Let c(b) = -2*b - 31. Calculate c(-13).
-5
Let q(g) = -g**3 - 6*g**2 + g + 13. What is q(-2)?
-5
Let g(q) = -q**2 + 11*q - 10. Determine g(4).
18
Let z(j) = 12*j + 117. Determine z(-11).
-15
Let j(t) = -t**3 + 17*t**2 - 4*t + 15. Determine j(17).
-53
Let l(v) = v**2 - 8*v + 2. What is l(9)?
11
Let s(c) = -2*c**2 + 5*c + 11. What is s(4)?
-1
Let w(i) = 5*i**3 + i**2 + i - 1. Give w(1).
6
Let r(m) = -m**2 + 13*m + 5. Determine r(12).
17
Let t(n) = 11*n**2. What is t(-2)?
44
Let n(x) = 7*x + 14. Calculate n(-4).
-14
Let b(n) = -n**3 - 10*n**2 + 30*n + 30. Calculate b(-12).
-42
Let z(a) = -6*a + 92. Calculate z(14).
8
Let s(m) = m**2 - 6*m - 6. Determine s(-6).
66
Let f(o) = -o**2 - 19*o - 52. Give f(-16).
-4
Let q(y) = -y**3 - 3*y**2 - 2*y + 2. What is q(-2)?
2
Let m(d) = d**2 + 7*d + 21. Give m(-10).
51
Let m(w) = -w + 52. Determine m(-24).
76
Let r(x) = -x**3 - 3*x**2 + x + 3. Determine r(-3).
0
Let z(t) = t**2 - 8*t + 2. What is z(4)?
-14
Let u(t) = 28*t - 632. Give u(23).
12
Let l(i) = -i**2 + 14*i - 48. Give l(9).
-3
Let t(l) = l - 6. Give t(-14).
-20
Let l(r) = -r**2 - 4*r + 27. Calculate l(-8).
-5
Let l(t) = 2*t + 18. What is l(-14)?
-10
Let t(p) = 5*p**2 + 4*p - 15. Calculate t(-5).
90
Let s(u) = -u**2 + 8*u - 7. Calculate s(6).
5
Let w(u) = -u**2 + 2*u + 22. Give w(-5).
-13
Let h(n) = -n**2 - 8*n - 10. What is h(-4)?
6
Let f(d) = 2*d**3 + 3*d**2 - 3*d. Calculate f(2).
22
Let t(x) = -x**2 - 13*x + 19. Determine t(-13).
19
Let x(n) = -5*n + 46. Determine x(7).
11
Let l(k) = k**3 - 8*k**2 + 3*k - 22. What i